
False
Does 33 divide 179191276?
False
Is 13 a factor of 152704591?
True
Is 167146968 a multiple of 24?
True
Is 1929876660 a multiple of 401?
True
Is 23521319 a multiple of 33?
False
Does 572 divide 584844260?
True
Does 66 divide 70027668?
False
Does 6 divide 1326423802?
False
Is 351 a factor of 735218991?
True
Is 7 a factor of 72902231?
False
Does 9 divide 6746245?
False
Is 810 a factor of 13654170?
True
Is 22006933 a multiple of 233?
False
Is 9 a factor of 535528296?
True
Is 325 a factor of 34949420?
False
Does 23 divide 111081766?
True
Is 115656250 a multiple of 25?
True
Is 13722964 even?
True
Is 33 a factor of 1357861560?
True
Is 139401405 a multiple of 163?
False
Is 162319626 a multiple of 1134?
True
Is 546 a factor of 702080106?
True
Is 1223 a factor of 98073593?
True
Does 10 divide 5759613910?
True
Does 163 divide 33205535?
False
Does 320 divide 35334720?
True
Is 45 a factor of 25420851?
False
Does 15 divide 3620397705?
True
Is 5647 a factor of 3393598532?
True
Is 73407129 a multiple of 122?
False
Is 799 a factor of 30600901?
True
Is 35 a factor of 870792300?
True
Is 21342511 a multiple of 2558?
False
Is 135157338 a multiple of 31?
False
Is 23 a factor of 358548587?
True
Is 20 a factor of 1367680?
True
Is 14 a factor of 355673934?
True
Does 26 divide 92602432?
True
Is 15826228 a multiple of 628?
True
Is 97390359 a multiple of 1165?
False
Is 54762971 a multiple of 48?
False
Does 17 divide 969351989?
False
Is 11430144 a multiple of 9?
True
Does 7 divide 175414491?
True
Is 65 a factor of 110478940?
True
Is 3885 a factor of 1447383945?
True
Is 303 a factor of 19914641?
False
Does 3518 divide 218109938?
False
Is 5424076 a multiple of 28?
True
Is 14 a factor of 3003484663?
False
Is 2806961 a multiple of 15?
False
Does 428 divide 2784388?
False
Does 50 divide 50632562?
False
Is 11236468 a multiple of 12?
False
Is 147 a factor of 38745832?
False
Does 487 divide 11806828?
True
Is 1328910 a multiple of 55?
True
Is 436141353 a multiple of 29?
True
Is 158 a factor of 584524792?
True
Does 18 divide 684690588?
True
Is 1701 a factor of 2487530588?
False
Is 1164331176 a multiple of 24?
True
Is 1203396453 a multiple of 52?
False
Is 12 a factor of 189169212?
True
Does 10 divide 36505130?
True
Is 169719623 a multiple of 2766?
False
Is 3757620 a multiple of 60?
True
Is 574 a factor of 180133828?
True
Is 19 a factor of 14915331?
False
Does 391 divide 2681788527?
False
Is 2364942410 a multiple of 401?
False
Is 12471 a factor of 5682086904?
True
Does 539 divide 1142878695?
False
Does 17 divide 95502617?
True
Is 73 a factor of 5477017282?
True
Does 101 divide 973337?
True
Is 672194066 a multiple of 373?
False
Is 6395302 a multiple of 74?
True
Does 539 divide 303474787?
True
Is 65964853 a multiple of 22?
False
Is 115 a factor of 962184?
False
Is 4382081 a multiple of 11?
True
Is 1419368736 a multiple of 919?
False
Does 4175 divide 1847617176?
False
Is 189 a factor of 130952300?
False
Is 111 a factor of 349641842?
False
Is 191296352 a multiple of 9?
False
Is 1558 a factor of 392522779?
False
Does 491 divide 12809719?
False
Does 1729 divide 2516187765?
True
Does 330 divide 1927196405?
False
Is 160801949 a multiple of 43?
False
Is 98939347 a multiple of 20?
False
Does 753 divide 1981126?
False
Does 1753 divide 294291262?
False
Does 57 divide 28037616?
True
Is 5 a factor of 8262280?
True
Is 6 a factor of 10374903?
False
Does 145 divide 555358264?
False
Is 8651370 a multiple of 182?
True
Does 202 divide 110469845?
False
Is 34568200 a multiple of 1228?
True
Does 12 divide 300675528?
True
Does 4709 divide 1890592369?
False
Is 247 a factor of 105957813?
True
Is 636354678 a multiple of 7?
False
Is 2 a factor of 53246486?
True
Does 12 divide 26252409?
False
Does 15 divide 17647130?
False
Is 6780 a factor of 3890675194?
False
Is 11 a factor of 940036064?
True
Is 3 a factor of 20965492?
False
Is 3565688 a multiple of 59?
False
Is 2170 a factor of 177089360?
True
Does 1956 divide 21365388?
True
Does 22 divide 902873312?
True
Does 5625 divide 1549631250?
True
Is 47647811 a multiple of 83?
False
Is 125311610 a multiple of 58?
True
Is 1314976054 a multiple of 60?
False
Is 69816464 a multiple of 248?
True
Is 1409 a factor of 194095386?
True
Does 139 divide 326972740?
False
Is 46725937 a multiple of 8?
False
Is 56905205 a multiple of 413?
True
Is 234382176 a multiple of 8?
True
Does 178 divide 920463977?
False
Does 19 divide 56492858?
False
Is 321887664 a multiple of 3192?
True
Does 11 divide 1244861608?
False
Is 475342171 a multiple of 461?
True
Does 1526 divide 367546317?
False
Does 34 divide 4023288?
True
Is 10 a factor of 8072078?
False
Does 7 divide 1730507?
False
Does 1750 divide 2274812679?
False
Is 3476581350 a multiple of 7689?
True
Is 247 a factor of 5237632283?
True
Is 4 a factor of 69965820?
True
Does 295 divide 190625165?
True
Does 82 divide 9992356?
True
Is 54 a factor of 344662830?
True
Is 1421957472 a multiple of 627?
False
Is 43 a factor of 241189150?
True
Does 28 divide 103023200?
True
Is 347 a factor of 16312470?
True
Is 4150 a factor of 11244057?
False
Is 84733471 a multiple of 4?
False
Does 33 divide 3040488?
True
Does 10 divide 353007257?
False
Does 217 divide 47502385?
True
Is 1139042455 a multiple of 23?
True
Is 564 a factor of 528505303?
False
Is 491 a factor of 95451453?
False
Is 292817698 a multiple of 192?
False
Is 6768291006 a multiple of 138?
True
Is 90 a factor of 33499170?
True
Is 4293175 a multiple of 2?
False
Is 13 a factor of 21590621?
True
Does 15 divide 1106140362?
False
Is 643 a factor of 8576395?
False
Does 83 divide 40499016?
False
Does 3034 divide 2105727437?
False
Does 175 divide 2925475?
True
Does 15 divide 168252762?
False
Does 26 divide 18541250?
True
Is 21070125 a multiple of 5?
True
Is 86513972 a multiple of 524?
True
Does 235 divide 8215365?
True
Does 273 divide 25634700?
True
Does 1081 divide 903860854?
True
Is 14460506 a multiple of 312?
False
Does 12 divide 3116016?
True
Is 56 a factor of 126454608?
True
Is 6992100 a multiple of 3?
True
Is 2295 a factor of 2786117982?
False
Is 17 a factor of 431539976?
False
Is 163 a factor of 381476072?
True
Is 20235673 a multiple of 2993?
True
Does 1636 divide 474839225?
False
Is 28 a factor of 315550234?
False
Is 403811816 a multiple of 371?
False
Does 39 divide 13904959?
False
Is 1931624 a multiple of 4?
True
Is 462 a factor of 90238302?
True
Does 18 divide 1411396?
False
Does 1959 divide 52707320?
False
Is 1497060112 a multiple of 428?
True
Does 165 divide 42332730?
True
Is 23 a factor of 1983859043?
True
Does 5727 divide 201096978?
False
Is 34 a factor of 165984838?
True
Is 44542647 a multiple of 8?
False
Is 60667885 a multiple of 5?
True
Does 33 divide 1039166304?
True
Is 174838071 a multiple of 2987?
True
Is 2 a factor of 240884580?
True
Is 1221 a factor of 10517345?
False
Does 697 divide 60341187?
False
Is 107 a factor of 1810053195?
True
Is 833749611 a multiple of 773?
False
Is 432 a factor of 285432336?
True
Is 229 a factor of 3447595?
True
Is 1891 a factor of 293416019?
False
Is 1914014 a multiple of 25?
False
Is 36317237 a multiple of 45?
False
Does 25 divide 17620581?
False
Is 53 a factor of 442337311?
True
Is 147265322 a multiple of 2044?
False
Is 212 a factor of 35227828?
True
Does 330 divide 190352444?
False
Is 175 a factor of 32793978?
False
Does 345 divide 271111841?
False
Is 100 a factor of 44563200?
True
Does 6252 divide 591820572?
True
Does 18 divide 174322335?
False
Is 356888677 a multiple of 150?
False
Is 94 a factor of 42510466?
True
Is 177696459 a multiple of 9?
True
Does 848 divide 16206401?
False
Is 864 a factor of 53475693?
False
Does 27 divide 110363796?
True
Is 21 a factor of 7788627?
True
Is 7629 a factor of 5381496600?
True
Does 75 divide 245710500?
True
Does 7217 divide 3176324389?
True
Is 2274 a factor of 1096261322?
False
Does 5 divide 59630815?
True
Is 69 a factor of 1371470736?
False
Is 1238957 even?
False
Is 58694472 a multiple of 318?
False
Is 40 a factor of 632068213?
False
Is 1775 a factor of 61478572?
False
Does 19 divide 40684329?
False
Is 56 a factor of 71098608?
True
Does 174 divide 52937064?
True
Is 435 a factor of 457084947?
False
Is 84849489 a multiple of 3513?
True
Does 695 divide 14549708?
False
Does 207 divide 231738363?
True
Does 2382 div